{"id":58,"date":"2025-05-30T13:01:53","date_gmt":"2025-05-30T13:01:53","guid":{"rendered":"https:\/\/vovvo.se\/about-us\/"},"modified":"2026-02-08T13:24:51","modified_gmt":"2026-02-08T13:24:51","slug":"about-us","status":"publish","type":"page","link":"https:\/\/vovvo.se\/blogg\/about-us\/","title":{"rendered":"About Us"},"content":{"rendered":"\t\t<div data-elementor-type=\"wp-page\" data-elementor-id=\"58\" class=\"elementor elementor-58\">\n\t\t\t\t<div class=\"elementor-element elementor-element-4ea37ef0 e-flex e-con-boxed elementor-invisible e-con e-parent\" data-id=\"4ea37ef0\" data-element_type=\"container\" data-e-type=\"container\" data-settings=\"{&quot;animation&quot;:&quot;fadeIn&quot;}\">\n\t\t\t\t\t<div class=\"e-con-inner\">\n\t\t\t\t<div class=\"elementor-element elementor-element-3983459b elementor-widget elementor-widget-flex-hero\" data-id=\"3983459b\" data-element_type=\"widget\" data-e-type=\"widget\" data-settings=\"{&quot;image_shape&quot;:&quot;rounded&quot;,&quot;layout_image_position_tablet&quot;:&quot;end&quot;,&quot;layout_preset&quot;:&quot;showcase&quot;,&quot;layout_column_structure&quot;:&quot;50-50&quot;,&quot;layout_image_position&quot;:&quot;end&quot;,&quot;primary_button_shape&quot;:&quot;default&quot;,&quot;box_shape&quot;:&quot;sharp&quot;}\" data-widget_type=\"flex-hero.default\">\n\t\t\t\t<div class=\"elementor-widget-container\">\n\t\t\t\t\t\t\t<div class=\"has-shape-sharp shape-type-box has-column-structure-50-50  ehp-flex-hero has-layout-preset-showcase has-image-position-end has-image-position-md-end\">\n\t\t\t\t\t\t<div class=\"ehp-flex-hero__overlay\"><\/div>\n\t\t\t<div class=\"ehp-flex-hero__content-container\">\n\t\t\t\t<h2 class=\"ehp-flex-hero__heading\">Teddy &amp; Penni<\/h2><h3 class=\"ehp-flex-hero__subheading\">Hej fr\u00e5n Penni, v\u00e5r sprudlande bichon med hj\u00e4rtat fullt av glitter, och Teddy \u2013 pudeln som alltid har en plan (och ibland en hemlig godisg\u00f6mma).\nTillsammans har de nosat fram de b\u00e4sta hundprodukterna som finns d\u00e4r ute \u2013 fr\u00e5n gosiga b\u00e4ddar till roliga leksaker och smarriga snacks. Allt \u00e4r noggrant testat och godk\u00e4nt av v\u00e5ra tv\u00e5 fyrbenta butikschefer.\n<\/h3>\t\t\t<div class=\"ehp-flex-hero__ctas-container\">\n\t\t\t\t\t\t\t\t\t\t\t<\/div>\n\t\t\t\t\t<\/div>\n\t\t\t\t<div class=\"ehp-flex-hero__image-wrapper\">\n\t\t\t\t\t<div class=\"ehp-image ehp-flex-hero__image-container\">\n\t\t\t\t<img decoding=\"async\" class=\"ehp-image__img ehp-flex-hero__img has-shape-rounded shape-type-image\" src=\"https:\/\/vovvo.se\/blogg\/wp-content\/uploads\/2025\/05\/Teddy-och-penni-huvud-tillsammans.png\" title=\"Teddy och penni huvud tillsammans\" alt=\"Teddy och penni huvud tillsammans\" loading=\"lazy\" \/>\t\t\t<\/div>\n\t\t\t\t\t<\/div>\n\t\t\t\t<\/div>\n\t\t\t\t\t\t<\/div>\n\t\t\t\t<\/div>\n\t\t\t\t<div class=\"elementor-element elementor-element-632c5fe elementor-widget elementor-widget-zigzag\" data-id=\"632c5fe\" data-element_type=\"widget\" data-e-type=\"widget\" data-settings=\"{&quot;image_shape&quot;:&quot;rounded&quot;,&quot;primary_button_shape&quot;:&quot;default&quot;}\" data-widget_type=\"zigzag.default\">\n\t\t\t\t<div class=\"elementor-widget-container\">\n\t\t\t\t\t\t\t<div class=\"ehp-zigzag has-direction-start\">\n\t\t\t\t\t\t\t<div class=\"ehp-zigzag__item-wrapper\">\n\t\t\t\t\t<div class=\"ehp-zigzag__item-container\">\n\t\t\t\t\t\t\t\t<div class=\"ehp-zigzag__graphic-element-container has-image\">\n\t\t\t\t\t\t<div class=\"ehp-image ehp-zigzag__image-container\">\n\t\t\t\t<img decoding=\"async\" class=\"ehp-image__img ehp-zigzag__img has-shape-rounded shape-type-image\" src=\"https:\/\/vovvo.se\/blogg\/wp-content\/uploads\/2025\/05\/penni-scaled.jpeg\" title=\"penni\" alt=\"penni\" loading=\"lazy\" \/>\t\t\t<\/div>\n\t\t\t\t\t<\/div>\n\t\t\t\t<div class=\"ehp-zigzag__text-container is-graphic-image\">\n\t\t\t<h2 class=\"ehp-zigzag__title\">\ud83d\udc36 M\u00f6t Penni \u2013 v\u00e5r fluffiga butikschef<\/h2><p class=\"ehp-zigzag__description\">Penni \u00e4r inte bara en bichon \u2013 hon \u00e4r hj\u00e4rtat bakom allt vi g\u00f6r. Med sitt bomullsmjuka fluff, pigga \u00f6gon och charmiga personlighet har hon charmat b\u00e5de oss och v\u00e5ra kunder sedan dag ett. Hon \u00e4r v\u00e5r inspiration, v\u00e5r produktprovare och ibland \u2013 v\u00e5r st\u00f6rsta kritiker (s\u00e4rskilt n\u00e4r godiset inte kommer fram snabbt nog).<\/p>\t\t<div class=\"ehp-zigzag__button-container\">\n\t\t\t<a class=\"ehp-button ehp-button--primary ehp-zigzag__button ehp-zigzag__button--primary is-type-button has-shape-default shape-type-button\" href=\"https:\/\/vovvo.se\/module\/vovveprofiler\/profile?slug=penni\">\n\t\t\t\t<span class=\"ehp-zigzag__button-text\">Min profil p\u00e5 vovvo<\/span>\t\t\t\t\t<\/a>\n\t\t<\/div>\n\t\t\t\t<\/div>\n\t\t\t\t\t\t\t<\/div>\n\t\t\t\t<\/div>\n\t\t\t\t\t\t\t\t<div class=\"ehp-zigzag__item-wrapper\">\n\t\t\t\t\t<div class=\"ehp-zigzag__item-container\">\n\t\t\t\t\t\t\t\t<div class=\"ehp-zigzag__graphic-element-container has-image\">\n\t\t\t\t\t\t<div class=\"ehp-image ehp-zigzag__image-container ehp-image ehp-zigzag__image-container\">\n\t\t\t\t<img decoding=\"async\" class=\"ehp-image__img ehp-zigzag__img has-shape-rounded shape-type-image\" src=\"https:\/\/vovvo.se\/blogg\/wp-content\/uploads\/2025\/05\/teddy_vovvo-e1748639357318.jpeg\" title=\"teddy_vovvo\" alt=\"teddy_vovvo\" loading=\"lazy\" \/>\t\t\t<\/div>\n\t\t\t\t\t<\/div>\n\t\t\t\t<div class=\"ehp-zigzag__text-container is-graphic-image\">\n\t\t\t<h2 class=\"ehp-zigzag__title\">\ud83d\udc3e M\u00f6t Teddy \u2013 v\u00e5r glada id\u00e9spruta<\/h2><p class=\"ehp-zigzag__description\">Teddy \u00e4r en pudel med bus i blicken och hj\u00e4rtat fullt av uppt\u00e5g. Han \u00e4r Penni\u2019s b\u00e4sta v\u00e4n och v\u00e5r egen lilla stilguru med lockig p\u00e4ls och stora id\u00e9er. D\u00e4r Penni \u00e4r eftert\u00e4nksam och noggrann, kommer Teddy studsande med nyfikenhet och energi \u2013 en perfekt balans.\n\nHan \u00e4lskar att testa nya leksaker, rulla sig i nytv\u00e4ttat gr\u00e4s och b\u00e4ra stickade tr\u00f6jor med sj\u00e4lvs\u00e4kerhet som om han gick p\u00e5 catwalken (eller dogwalken). I butiken har han rollen som produktutvecklare \u2013 allt ska lekas med, tuggas p\u00e5 och godk\u00e4nnas med en viftande svans.\n<\/p>\t\t<div class=\"ehp-zigzag__button-container ehp-zigzag__button-container\">\n\t\t\t<a class=\"ehp-button ehp-button--primary ehp-zigzag__button ehp-zigzag__button--primary is-type-button has-shape-default shape-type-button\" href=\"https:\/\/vovvo.se\/module\/vovveprofiler\/profile?slug=teddy\">\n\t\t\t\t<span class=\"ehp-zigzag__button-text\">Min profil p\u00e5 vovvo<\/span>\t\t\t\t\t<\/a>\n\t\t<\/div>\n\t\t\t\t<\/div>\n\t\t\t\t\t\t\t<\/div>\n\t\t\t\t<\/div>\n\t\t\t\t\t\t\t<\/div>\n\t\t\t\t\t\t<\/div>\n\t\t\t\t<\/div>\n\t\t\t\t\t<\/div>\n\t\t\t\t<\/div>\n\t\t<div class=\"elementor-element elementor-element-d720e0a e-flex e-con-boxed elementor-invisible e-con e-parent\" data-id=\"d720e0a\" data-element_type=\"container\" data-e-type=\"container\" data-settings=\"{&quot;animation&quot;:&quot;fadeIn&quot;}\">\n\t\t\t\t\t<div class=\"e-con-inner\">\n\t\t<div class=\"elementor-element elementor-element-1128e261 e-con-full e-flex e-con e-child\" data-id=\"1128e261\" data-element_type=\"container\" data-e-type=\"container\">\n\t\t\t\t<div class=\"elementor-element elementor-element-208179fb elementor-widget elementor-widget-image\" data-id=\"208179fb\" data-element_type=\"widget\" data-e-type=\"widget\" data-widget_type=\"image.default\">\n\t\t\t\t<div class=\"elementor-widget-container\">\n\t\t\t\t\t\t\t\t\t\t\t\t\t\t\t<img fetchpriority=\"high\" decoding=\"async\" width=\"800\" height=\"800\" src=\"https:\/\/vovvo.se\/blogg\/wp-content\/uploads\/2025\/05\/Penny-och-Teddy.png\" class=\"attachment-large size-large wp-image-18\" alt=\"\" srcset=\"https:\/\/vovvo.se\/blogg\/wp-content\/uploads\/2025\/05\/Penny-och-Teddy.png 1024w, https:\/\/vovvo.se\/blogg\/wp-content\/uploads\/2025\/05\/Penny-och-Teddy-300x300.png 300w, https:\/\/vovvo.se\/blogg\/wp-content\/uploads\/2025\/05\/Penny-och-Teddy-150x150.png 150w, https:\/\/vovvo.se\/blogg\/wp-content\/uploads\/2025\/05\/Penny-och-Teddy-768x768.png 768w\" sizes=\"(max-width: 800px) 100vw, 800px\" \/>\t\t\t\t\t\t\t\t\t\t\t\t\t\t\t<\/div>\n\t\t\t\t<\/div>\n\t\t\t\t<\/div>\n\t\t<div class=\"elementor-element elementor-element-2d346e4b e-con-full e-flex e-con e-child\" data-id=\"2d346e4b\" data-element_type=\"container\" data-e-type=\"container\">\n\t\t\t\t<div class=\"elementor-element elementor-element-647cbb79 elementor-widget elementor-widget-heading\" data-id=\"647cbb79\" data-element_type=\"widget\" data-e-type=\"widget\" data-widget_type=\"heading.default\">\n\t\t\t\t<div class=\"elementor-widget-container\">\n\t\t\t\t\t<h3 class=\"elementor-heading-title elementor-size-default\">Vi \u00e4r dina r\u00e5dgivare n\u00e4r det g\u00e4ller godis och lek.<\/h3>\t\t\t\t<\/div>\n\t\t\t\t<\/div>\n\t\t\t\t<\/div>\n\t\t\t\t\t<\/div>\n\t\t\t\t<\/div>\n\t\t\t\t<\/div>\n\t\t","protected":false},"excerpt":{"rendered":"<p>Teddy &amp; Penni Hej fr\u00e5n Penni, v\u00e5r sprudlande bichon med hj\u00e4rtat fullt av glitter, och Teddy \u2013 pudeln som alltid har en plan (och ibland en hemlig godisg\u00f6mma). Tillsammans har de nosat fram de b\u00e4sta hundprodukterna som finns d\u00e4r ute \u2013 fr\u00e5n gosiga b\u00e4ddar till roliga leksaker och smarriga snacks. Allt \u00e4r noggrant testat och [&hellip;]<\/p>\n","protected":false},"author":1,"featured_media":0,"parent":0,"menu_order":0,"comment_status":"closed","ping_status":"closed","template":"elementor_header_footer","meta":{"footnotes":""},"class_list":["post-58","page","type-page","status-publish","hentry"],"yoast_head":"<!-- This site is optimized with the Yoast SEO plugin v27.1 - https:\/\/yoast.com\/product\/yoast-seo-wordpress\/ -->\n<title>About Us - VOVVO bloggen<\/title>\n<meta name=\"robots\" content=\"index, follow, max-snippet:-1, max-image-preview:large, max-video-preview:-1\" \/>\n<link rel=\"canonical\" href=\"https:\/\/vovvo.se\/blogg\/about-us\/\" \/>\n<meta property=\"og:locale\" content=\"sv_SE\" \/>\n<meta property=\"og:type\" content=\"article\" \/>\n<meta property=\"og:title\" content=\"About Us - VOVVO bloggen\" \/>\n<meta property=\"og:description\" content=\"Teddy &amp; Penni Hej fr\u00e5n Penni, v\u00e5r sprudlande bichon med hj\u00e4rtat fullt av glitter, och Teddy \u2013 pudeln som alltid har en plan (och ibland en hemlig godisg\u00f6mma). Tillsammans har de nosat fram de b\u00e4sta hundprodukterna som finns d\u00e4r ute \u2013 fr\u00e5n gosiga b\u00e4ddar till roliga leksaker och smarriga snacks. Allt \u00e4r noggrant testat och [&hellip;]\" \/>\n<meta property=\"og:url\" content=\"https:\/\/vovvo.se\/blogg\/about-us\/\" \/>\n<meta property=\"og:site_name\" content=\"VOVVO bloggen\" \/>\n<meta property=\"article:publisher\" content=\"https:\/\/www.facebook.com\/vovvo.se\/\" \/>\n<meta property=\"article:modified_time\" content=\"2026-02-08T13:24:51+00:00\" \/>\n<meta property=\"og:image\" content=\"https:\/\/vovvo.se\/blogg\/wp-content\/uploads\/2025\/05\/Teddy-och-penni-huvud-tillsammans.png\" \/>\n<meta name=\"twitter:card\" content=\"summary_large_image\" \/>\n<meta name=\"twitter:label1\" content=\"Ber\u00e4knad l\u00e4stid\" \/>\n\t<meta name=\"twitter:data1\" content=\"2 minuter\" \/>\n<script type=\"application\/ld+json\" class=\"yoast-schema-graph\">{\"@context\":\"https:\/\/schema.org\",\"@graph\":[{\"@type\":\"WebPage\",\"@id\":\"https:\/\/vovvo.se\/blogg\/about-us\/\",\"url\":\"https:\/\/vovvo.se\/blogg\/about-us\/\",\"name\":\"About Us - VOVVO bloggen\",\"isPartOf\":{\"@id\":\"https:\/\/vovvo.se\/blogg\/#website\"},\"primaryImageOfPage\":{\"@id\":\"https:\/\/vovvo.se\/blogg\/about-us\/#primaryimage\"},\"image\":{\"@id\":\"https:\/\/vovvo.se\/blogg\/about-us\/#primaryimage\"},\"thumbnailUrl\":\"https:\/\/vovvo.se\/blogg\/wp-content\/uploads\/2025\/05\/Teddy-och-penni-huvud-tillsammans.png\",\"datePublished\":\"2025-05-30T13:01:53+00:00\",\"dateModified\":\"2026-02-08T13:24:51+00:00\",\"breadcrumb\":{\"@id\":\"https:\/\/vovvo.se\/blogg\/about-us\/#breadcrumb\"},\"inLanguage\":\"sv-SE\",\"potentialAction\":[{\"@type\":\"ReadAction\",\"target\":[\"https:\/\/vovvo.se\/blogg\/about-us\/\"]}]},{\"@type\":\"ImageObject\",\"inLanguage\":\"sv-SE\",\"@id\":\"https:\/\/vovvo.se\/blogg\/about-us\/#primaryimage\",\"url\":\"https:\/\/vovvo.se\/blogg\/wp-content\/uploads\/2025\/05\/Teddy-och-penni-huvud-tillsammans.png\",\"contentUrl\":\"https:\/\/vovvo.se\/blogg\/wp-content\/uploads\/2025\/05\/Teddy-och-penni-huvud-tillsammans.png\",\"width\":1024,\"height\":1024},{\"@type\":\"BreadcrumbList\",\"@id\":\"https:\/\/vovvo.se\/blogg\/about-us\/#breadcrumb\",\"itemListElement\":[{\"@type\":\"ListItem\",\"position\":1,\"name\":\"Hem\",\"item\":\"https:\/\/vovvo.se\/blogg\/\"},{\"@type\":\"ListItem\",\"position\":2,\"name\":\"About Us\"}]},{\"@type\":\"WebSite\",\"@id\":\"https:\/\/vovvo.se\/blogg\/#website\",\"url\":\"https:\/\/vovvo.se\/blogg\/\",\"name\":\"VOVVO blogg\",\"description\":\"En Penni och Teddy hundbutik\",\"publisher\":{\"@id\":\"https:\/\/vovvo.se\/blogg\/#organization\"},\"potentialAction\":[{\"@type\":\"SearchAction\",\"target\":{\"@type\":\"EntryPoint\",\"urlTemplate\":\"https:\/\/vovvo.se\/blogg\/?s={search_term_string}\"},\"query-input\":{\"@type\":\"PropertyValueSpecification\",\"valueRequired\":true,\"valueName\":\"search_term_string\"}}],\"inLanguage\":\"sv-SE\"},{\"@type\":\"Organization\",\"@id\":\"https:\/\/vovvo.se\/blogg\/#organization\",\"name\":\"VOVVO blogg\",\"url\":\"https:\/\/vovvo.se\/blogg\/\",\"logo\":{\"@type\":\"ImageObject\",\"inLanguage\":\"sv-SE\",\"@id\":\"https:\/\/vovvo.se\/blogg\/#\/schema\/logo\/image\/\",\"url\":\"https:\/\/vovvo.se\/blogg\/wp-content\/uploads\/2025\/05\/logo.png\",\"contentUrl\":\"https:\/\/vovvo.se\/blogg\/wp-content\/uploads\/2025\/05\/logo.png\",\"width\":300,\"height\":120,\"caption\":\"VOVVO blogg\"},\"image\":{\"@id\":\"https:\/\/vovvo.se\/blogg\/#\/schema\/logo\/image\/\"},\"sameAs\":[\"https:\/\/www.facebook.com\/vovvo.se\/\",\"https:\/\/www.instagram.com\/vovvo.se\/\"]}]}<\/script>\n<!-- \/ Yoast SEO plugin. -->","yoast_head_json":{"title":"About Us - VOVVO bloggen","robots":{"index":"index","follow":"follow","max-snippet":"max-snippet:-1","max-image-preview":"max-image-preview:large","max-video-preview":"max-video-preview:-1"},"canonical":"https:\/\/vovvo.se\/blogg\/about-us\/","og_locale":"sv_SE","og_type":"article","og_title":"About Us - VOVVO bloggen","og_description":"Teddy &amp; Penni Hej fr\u00e5n Penni, v\u00e5r sprudlande bichon med hj\u00e4rtat fullt av glitter, och Teddy \u2013 pudeln som alltid har en plan (och ibland en hemlig godisg\u00f6mma). Tillsammans har de nosat fram de b\u00e4sta hundprodukterna som finns d\u00e4r ute \u2013 fr\u00e5n gosiga b\u00e4ddar till roliga leksaker och smarriga snacks. Allt \u00e4r noggrant testat och [&hellip;]","og_url":"https:\/\/vovvo.se\/blogg\/about-us\/","og_site_name":"VOVVO bloggen","article_publisher":"https:\/\/www.facebook.com\/vovvo.se\/","article_modified_time":"2026-02-08T13:24:51+00:00","og_image":[{"url":"https:\/\/vovvo.se\/blogg\/wp-content\/uploads\/2025\/05\/Teddy-och-penni-huvud-tillsammans.png","type":"","width":"","height":""}],"twitter_card":"summary_large_image","twitter_misc":{"Ber\u00e4knad l\u00e4stid":"2 minuter"},"schema":{"@context":"https:\/\/schema.org","@graph":[{"@type":"WebPage","@id":"https:\/\/vovvo.se\/blogg\/about-us\/","url":"https:\/\/vovvo.se\/blogg\/about-us\/","name":"About Us - VOVVO bloggen","isPartOf":{"@id":"https:\/\/vovvo.se\/blogg\/#website"},"primaryImageOfPage":{"@id":"https:\/\/vovvo.se\/blogg\/about-us\/#primaryimage"},"image":{"@id":"https:\/\/vovvo.se\/blogg\/about-us\/#primaryimage"},"thumbnailUrl":"https:\/\/vovvo.se\/blogg\/wp-content\/uploads\/2025\/05\/Teddy-och-penni-huvud-tillsammans.png","datePublished":"2025-05-30T13:01:53+00:00","dateModified":"2026-02-08T13:24:51+00:00","breadcrumb":{"@id":"https:\/\/vovvo.se\/blogg\/about-us\/#breadcrumb"},"inLanguage":"sv-SE","potentialAction":[{"@type":"ReadAction","target":["https:\/\/vovvo.se\/blogg\/about-us\/"]}]},{"@type":"ImageObject","inLanguage":"sv-SE","@id":"https:\/\/vovvo.se\/blogg\/about-us\/#primaryimage","url":"https:\/\/vovvo.se\/blogg\/wp-content\/uploads\/2025\/05\/Teddy-och-penni-huvud-tillsammans.png","contentUrl":"https:\/\/vovvo.se\/blogg\/wp-content\/uploads\/2025\/05\/Teddy-och-penni-huvud-tillsammans.png","width":1024,"height":1024},{"@type":"BreadcrumbList","@id":"https:\/\/vovvo.se\/blogg\/about-us\/#breadcrumb","itemListElement":[{"@type":"ListItem","position":1,"name":"Hem","item":"https:\/\/vovvo.se\/blogg\/"},{"@type":"ListItem","position":2,"name":"About Us"}]},{"@type":"WebSite","@id":"https:\/\/vovvo.se\/blogg\/#website","url":"https:\/\/vovvo.se\/blogg\/","name":"VOVVO blogg","description":"En Penni och Teddy hundbutik","publisher":{"@id":"https:\/\/vovvo.se\/blogg\/#organization"},"potentialAction":[{"@type":"SearchAction","target":{"@type":"EntryPoint","urlTemplate":"https:\/\/vovvo.se\/blogg\/?s={search_term_string}"},"query-input":{"@type":"PropertyValueSpecification","valueRequired":true,"valueName":"search_term_string"}}],"inLanguage":"sv-SE"},{"@type":"Organization","@id":"https:\/\/vovvo.se\/blogg\/#organization","name":"VOVVO blogg","url":"https:\/\/vovvo.se\/blogg\/","logo":{"@type":"ImageObject","inLanguage":"sv-SE","@id":"https:\/\/vovvo.se\/blogg\/#\/schema\/logo\/image\/","url":"https:\/\/vovvo.se\/blogg\/wp-content\/uploads\/2025\/05\/logo.png","contentUrl":"https:\/\/vovvo.se\/blogg\/wp-content\/uploads\/2025\/05\/logo.png","width":300,"height":120,"caption":"VOVVO blogg"},"image":{"@id":"https:\/\/vovvo.se\/blogg\/#\/schema\/logo\/image\/"},"sameAs":["https:\/\/www.facebook.com\/vovvo.se\/","https:\/\/www.instagram.com\/vovvo.se\/"]}]}},"_links":{"self":[{"href":"https:\/\/vovvo.se\/blogg\/wp-json\/wp\/v2\/pages\/58","targetHints":{"allow":["GET"]}}],"collection":[{"href":"https:\/\/vovvo.se\/blogg\/wp-json\/wp\/v2\/pages"}],"about":[{"href":"https:\/\/vovvo.se\/blogg\/wp-json\/wp\/v2\/types\/page"}],"author":[{"embeddable":true,"href":"https:\/\/vovvo.se\/blogg\/wp-json\/wp\/v2\/users\/1"}],"replies":[{"embeddable":true,"href":"https:\/\/vovvo.se\/blogg\/wp-json\/wp\/v2\/comments?post=58"}],"version-history":[{"count":49,"href":"https:\/\/vovvo.se\/blogg\/wp-json\/wp\/v2\/pages\/58\/revisions"}],"predecessor-version":[{"id":636,"href":"https:\/\/vovvo.se\/blogg\/wp-json\/wp\/v2\/pages\/58\/revisions\/636"}],"wp:attachment":[{"href":"https:\/\/vovvo.se\/blogg\/wp-json\/wp\/v2\/media?parent=58"}],"curies":[{"name":"wp","href":"https:\/\/api.w.org\/{rel}","templated":true}]}}